10?
False
Does 6 divide 342?
True
Is 13284 a multiple of 139?
False
Is 8 a factor of 1293?
False
Is 17 a factor of 8517?
True
Is 37 a factor of 15586?
False
Does 91 divide 1254?
False
Is 32 a factor of 3360?
True
Does 18 divide 1476?
True
Does 34 divide 1122?
True
Does 16 divide 16?
True
Is 4998 a multiple of 51?
True
Is 16475 a multiple of 5?
True
Is 190 a multiple of 10?
True
Is 126576 a multiple of 30?
False
Is 21063 a multiple of 177?
True
Does 13 divide 9789?
True
Does 46 divide 1058?
True
Is 1892 a multiple of 43?
True
Is 5 a factor of 16191?
False
Is 14 a factor of 605?
False
Is 15 a factor of 1755?
True
Is 208 a factor of 7488?
True
Is 106 a factor of 2240?
False
Is 38304 a multiple of 42?
True
Is 67781 a multiple of 7?
True
Is 19750 a multiple of 125?
True
Does 17 divide 649?
False
Is 7 a factor of 27951?
True
Does 98 divide 34540?
False
Is 126 a factor of 630?
True
Is 15 a factor of 75?
True
Is 196 a factor of 11398?
False
Is 21 a factor of 1785?
True
Does 88 divide 20633?
False
Is 73458 a multiple of 66?
True
Does 10 divide 14970?
True
Does 116 divide 50576?
True
Does 39 divide 14472?
False
Does 132 divide 14168?
False
Is 11255 a multiple of 24?
False
Does 30 divide 1647?
False
Is 9 a factor of 15930?
True
Is 13246 a multiple of 20?
False
Is 1528 a multiple of 19?
False
Does 8 divide 156?
False
Is 11 a factor of 167?
False
Is 302 a factor of 31703?
False
Does 88 divide 6512?
True
Is 241 a multiple of 16?
False
Is 1207 a multiple of 17?
True
Is 6 a factor of 7212?
True
Is 74 a factor of 2886?
True
Does 13 divide 806?
True
Is 35254 a multiple of 54?
False
Is 50 a factor of 300?
True
Does 16 divide 793?
False
Is 848 a multiple of 16?
True
Is 2904 a multiple of 8?
True
Is 1079 a multiple of 60?
False
Is 51 a factor of 3368?
False
Does 217 divide 59675?
True
Is 1498 a multiple of 24?
False
Does 160 divide 10253?
False
Is 5 a factor of 5278?
False
Is 53 a factor of 1635?
False
Is 63 a factor of 68166?
True
Is 70 a factor of 431?
False
Is 95876 a multiple of 247?
False
Is 4 a factor of 237?
False
Does 17 divide 51?
True
Is 48906 a multiple of 13?
True
Does 134 divide 4628?
False
Is 25 a factor of 44250?
True
Is 405 a multiple of 3?
True
Does 132 divide 2508?
True
Does 21 divide 2982?
True
Is 24 a factor of 312?
True
Is 8 a factor of 23190?
False
Is 1635 a multiple of 109?
True
Does 17 divide 206?
False
Is 771 even?
False
Is 34892 a multiple of 140?
False
Is 377 even?
False
Does 43 divide 1370?
False
Is 3641 a multiple of 6?
False
Does 2 divide 53?
False
Is 13 a factor of 8515?
True
Is 71685 a multiple of 43?
False
Does 2 divide 639?
False
Is 1363 a multiple of 47?
True
Is 106 a factor of 70595?
False
Is 3637 a multiple of 44?
False
Is 6297 a multiple of 36?
False
Does 126 divide 2772?
True
Is 127 a factor of 3175?
True
Does 6 divide 4566?
True
Is 199 a factor of 21986?
False
Does 225 divide 6314?
False
Is 1469 a multiple of 6?
False
Is 959 a multiple of 7?
True
Is 6266 a multiple of 13?
True
Is 10 a factor of 510?
True
Is 28 a factor of 338?
False
Is 123 a factor of 4797?
True
Is 9395 a multiple of 31?
False
Is 10800 a multiple of 222?
False
Is 1079 even?
False
Is 320 a factor of 36800?
True
Does 132 divide 39328?
False
Does 14 divide 4620?
True
Is 369 a multiple of 5?
False
Does 224 divide 20805?
False
Does 6 divide 1411?
False
Does 10 divide 388?
False
Does 52 divide 29952?
True
Is 80 a factor of 230?
False
Is 28 a factor of 8484?
True
Is 10 a factor of 120?
True
Does 40 divide 520?
True
Does 48 divide 15378?
False
Is 6 a factor of 699?
False
Is 261 a multiple of 9?
True
Is 555 a multiple of 15?
True
Is 20875 a multiple of 25?
True
Is 12 a factor of 686?
False
Is 1176 a multiple of 28?
True
Is 140 a factor of 14280?
True
Does 6 divide 1182?
True
Is 396 a multiple of 22?
True
Is 14 a factor of 2462?
False
Is 27 a factor of 8364?
False
Is 156 a factor of 108576?
True
Is 7 a factor of 366?
False
Is 7804 a multiple of 10?
False
Does 36 divide 5777?
False
Is 5 a factor of 246?
False
Is 16673 a multiple of 9?
False
Is 4 a factor of 47?
False
Does 21 divide 2558?
False
Is 9198 a multiple of 14?
True
Is 1005 a multiple of 5?
True
Does 22 divide 1208?
False
Does 18 divide 9698?
False
Is 3443 a multiple of 88?
False
Does 15 divide 1022?
False
Does 9 divide 1698?
False
Does 25 divide 359?
False
Does 133 divide 10717?
False
Is 371 a multiple of 53?
True
Does 42 divide 10962?
True
Is 50076 a multiple of 321?
True
Does 27 divide 917?
False
Is 7 a factor of 198?
False
Is 11 a factor of 4627?
False
Is 49 a factor of 127?
False
Is 16 a factor of 387?
False
Is 11770 a multiple of 55?
True
Does 21 divide 3700?
False
Does 13 divide 16380?
True
Is 126 a factor of 4536?
True
Is 804 a multiple of 62?
False
Is 16219 a multiple of 14?
False
Is 64 a multiple of 8?
True
Does 10 divide 1090?
True
Does 57 divide 62662?
False
Is 18 a factor of 12088?
False
Does 110 divide 3300?
True
Does 9 divide 49184?
False
Does 32 divide 96?
True
Does 28 divide 877?
False
Is 8325 a multiple of 15?
True
Is 26443 a multiple of 31?
True
Does 20 divide 4020?
True
Is 2772 a multiple of 9?
True
Does 11 divide 788?
False
Is 102440 a multiple of 96?
False
Does 57 divide 17862?
False
Is 72 a multiple of 12?
True
Is 10527 a multiple of 4?
False
Is 74 a factor of 31814?
False
Is 9 a factor of 642?
False
Does 4 divide 116?
True
Is 93 a factor of 2139?
True
Is 55 a factor of 385?
True
Does 46 divide 37122?
True
Is 10579 a multiple of 12?
False
Is 220 a multiple of 10?
True
Does 36 divide 21744?
True
Is 17437 a multiple of 47?
True
Is 12 a factor of 36?
True
Does 35 divide 1855?
True
Is 21 a factor of 21756?
True
Is 44 a multiple of 22?
True
Is 119 a factor of 35819?
True
Is 8 a factor of 680?
True
Is 7 a factor of 514?
False
Does 2 divide 136?
True
Is 5735 a multiple of 185?
True
Is 25157 a multiple of 25?
False
Does 189 divide 7878?
False
Is 21 a factor of 46587?
False
Is 12 a factor of 33036?
True
Is 65 a factor of 455?
True
Is 465 a factor of 143220?
True
Is 194 a multiple of 10?
False
Does 8 divide 5495?
False
Is 17 a factor of 187?
True
Does 118 divide 17804?
False
Is 77 a multiple of 60?
False
Is 28 a factor of 550?
False
Is 292 a multiple of 4?
True
Is 2701 a multiple of 9?
False
Does 26 divide 7540?
True
Is 10321 a multiple of 14?
False
Does 10 divide 2190?
True
Is 48 a factor of 384?
True
Is 924 a multiple of 22?
True
Is 3423 a multiple of 29?
False
Does 22 divide 1392?
False
Is 51840 a multiple of 81?
True
Does 8 divide 168?
True
Is 4 a factor of 2097?
False
Is 15428 a multiple of 14?
True
Is 44 a factor of 2860?
True
Does 14 divide 509?
False
Does 43 divide 8517?
False
Is 24 a factor of 44808?
True
Is 483 a factor of 111573?
True
Does 19 divide 2439?
False
Is 28 a factor of 25572?
False
Does 12 divide 11676?
True
Is 14604 a multiple of 30?
False
Is 35 a factor of 184?
False
Is 15 a factor of 626?
False
Does 74 divide 23997?
False
Is 3221 a multiple of 29?
False
Is 15 a factor of 315?
True
Is 14058 a multiple of 18?
True
Is 3285 a multiple of 86?
False
Does 30 divide 219?
False
Does 114 divide 604?
False
Is 43 a factor of 434?
False
Does 46 divide 5336?
True
Is 16 a factor of 229?
False
Is 1208 a multiple of 2?
True
Does 12 divide 48568?
False
Is 36133 a multiple of 18?
False
Is 54 a factor of 540?
True
Does 24 divide 816?
True
Is 182 a multiple of 14?
True
Does 76 divide 8132?
True
Is 22 a factor of 468?
False
Does 20 divide 1395?
False
Is 53 a factor of 11766?
True
Is 14958 a multiple of 67?
False
Is 10965 a multiple of 31?
False
Does 11 divide 22346?
False
Is 32 a factor of 5482?
False
Does 94 divide 10998?
True
Is 8260 a multiple of 20?
True
Is 566 a multiple of 2?
True
Is 5736 a multiple of 6?
True
Is 42 a multiple of 42?
True
Does 9 divide 1821?
False
Is 13 a factor of 5662?
False
Does 76 divide 121?
False
Does 45 divide 5670?
True
Is 31 a factor of 17686?
False
Does 68 divide 11220?
True
Does 22 divide 43208?
True
Is 95 a factor of 8530?
False
Is 39817 a multiple of 14?
False
Does 63 divide 50022?
True
Is 4 a factor of 1362?
False
Is 53 a factor of 84535?
True
Does 18 divide 126?
True
Is 41 a factor of 2472?
False
Is 21931 a multiple of 91?
True
Does 8 divide 552?
True
Does 56 divide 1576?
False
Is 555 a multiple of 7?
False
Does 20 divide 1200?
True
Is 71609 a multiple o